
False
Is 727033733 a prime number?
True
Is 6510058663 composite?
True
Is 17560942787 a prime number?
False
Is 412346707 a prime number?
True
Is 66824099 a composite number?
False
Is 17980691749 composite?
False
Is 362962748341 composite?
True
Is 57465696007 a prime number?
True
Is 510910559 prime?
False
Is 132333022867 composite?
True
Is 12281398499 a prime number?
False
Is 20282803003 a prime number?
False
Is 3022491827 prime?
False
Is 376431611 a prime number?
True
Is 4538943215 composite?
True
Is 1073180419 prime?
True
Is 65239831801 prime?
False
Is 6871345363 a prime number?
False
Is 920473579 a composite number?
False
Is 223628013215 a prime number?
False
Is 2971277269 composite?
True
Is 242982043 a composite number?
True
Is 206050153 prime?
True
Is 961056857 a prime number?
True
Is 7791841861 a prime number?
False
Is 4209021637 a prime number?
False
Is 15205767019 prime?
True
Is 432273367 a composite number?
True
Is 464338703 composite?
False
Is 6604148297 composite?
False
Is 1987125215 a prime number?
False
Is 525860273 composite?
False
Is 41967515351 a prime number?
True
Is 13693869463 prime?
True
Is 1473118117 a prime number?
False
Is 6211900843 a prime number?
False
Is 132239543 a composite number?
True
Is 159493425517 prime?
True
Is 65767854149 prime?
True
Is 16759620989 a composite number?
False
Is 16599751559 prime?
True
Is 18276752573 a composite number?
True
Is 45323400901 a composite number?
True
Is 55814061313 a composite number?
False
Is 23277307 prime?
True
Is 420466357877 prime?
True
Is 79583999717 a prime number?
False
Is 2565540979 composite?
True
Is 4025459689 composite?
False
Is 93047770639 a prime number?
True
Is 54686359669 a composite number?
True
Is 3545447473 prime?
True
Is 8048908267 prime?
True
Is 118748956901 a prime number?
False
Is 34905283067 a prime number?
False
Is 524317847 a composite number?
True
Is 607751219 prime?
False
Is 2201000731 prime?
False
Is 506518979 prime?
True
Is 803688653 a composite number?
True
Is 3308551349 prime?
True
Is 250252207 a prime number?
True
Is 50028496807 prime?
False
Is 1586933347 composite?
True
Is 1923617533 prime?
False
Is 1622647619 composite?
True
Is 1629089837 a prime number?
False
Is 674738521 prime?
True
Is 59220602861 composite?
True
Is 1484870171 a composite number?
False
Is 19653554149 a prime number?
True
Is 776743187 composite?
True
Is 6624893109 prime?
False
Is 2256281813 composite?
False
Is 80589611183 composite?
True
Is 37898335663 a composite number?
True
Is 45203161 a prime number?
False
Is 5079747143 prime?
False
Is 2397104867 a composite number?
False
Is 11565831283 a composite number?
True
Is 493357307 a prime number?
True
Is 9956634827 a prime number?
False
Is 390383569 prime?
True
Is 153425537 composite?
False
Is 16785603463 a composite number?
True
Is 19458224281 a prime number?
False
Is 2569494259 a prime number?
False
Is 18969517417 composite?
False
Is 1813016053 a composite number?
False
Is 4744320643 composite?
False
Is 228945157 composite?
True
Is 16564855939 a prime number?
False
Is 3617490263 prime?
True
Is 697192171 prime?
False
Is 570765536157 composite?
True
Is 32989585099 prime?
False
Is 1544619443 a prime number?
True
Is 219987715 a composite number?
True
Is 28372793387 composite?
False
Is 71745272219 prime?
False
Is 81871499 a prime number?
True
Is 2002904689 composite?
False
Is 5398787369 composite?
True
Is 13174199 a composite number?
True
Is 13125613313 a composite number?
True
Is 1151693947 prime?
True
Is 141669197 a composite number?
False
Is 10129365193 a composite number?
False
Is 6788448703 composite?
False
Is 20916848653 a prime number?
False
Is 62608141 a prime number?
True
Is 62689259973 a prime number?
False
Is 32544215446 prime?
False
Is 1163636161 prime?
False
Is 234120511 composite?
True
Is 19087000531 a composite number?
False
Is 3133485734 a prime number?
False
Is 1329211799 a prime number?
False
Is 829220263 prime?
True
Is 180902169913 composite?
False
Is 1955670295 prime?
False
Is 1751138833 a composite number?
True
Is 15170727073 a prime number?
True
Is 11705999713 a composite number?
True
Is 13297954 prime?
False
Is 36886517 prime?
False
Is 12021432671 composite?
True
Is 9340869887 a prime number?
True
Is 4651087549 composite?
True
Is 833883553 a prime number?
False
Is 37193583641 composite?
False
Is 52427991963 prime?
False
Is 278820173 a prime number?
True
Is 5111925089 composite?
True
Is 704480929 prime?
False
Is 5095259426 a prime number?
False
Is 1325481739 composite?
True
Is 5125621607 a prime number?
False
Is 46781120173 a prime number?
True
Is 37162894771 prime?
True
Is 42853285481 a prime number?
True
Is 28945099 a prime number?
False
Is 27122988679 a composite number?
False
Is 2290070317 a composite number?
True
Is 281732027 a prime number?
True
Is 88667626471 a prime number?
True
Is 6029746277 a prime number?
True
Is 1358866189 a prime number?
False
Is 4626024439 prime?
True
Is 4887158207 prime?
False
Is 11113926661 prime?
True
Is 214068637 a prime number?
False
Is 2966334937 a composite number?
False
Is 1615926413 a composite number?
False
Is 618740923 a prime number?
True
Is 22096471697 a composite number?
False
Is 50314550035 prime?
False
Is 2814314429 prime?
True
Is 622318451 a prime number?
True
Is 1298139319 a prime number?
True
Is 2296672867 a prime number?
True
Is 1601013341 a prime number?
False
Is 4020452159 composite?
False
Is 107425553 prime?
False
Is 51516794633 prime?
True
Is 25617960443 prime?
False
Is 53833277609 composite?
False
Is 143506219 a prime number?
False
Is 1377301069 a prime number?
False
Is 119004247 a composite number?
True
Is 70782444155 prime?
False
Is 3455022497 a composite number?
False
Is 35281985551 prime?
True
Is 49378701107 a prime number?
True
Is 232814069 a prime number?
True
Is 365553259 a composite number?
False
Is 2146451039 prime?
False
Is 2502444146 a composite number?
True
Is 117987742529 a composite number?
False
Is 6557569 a composite number?
False
Is 15128347847 prime?
True
Is 576662173 composite?
False
Is 460573679 a composite number?
True
Is 267400638863 prime?
True
Is 1702519673 prime?
False
Is 31464889 prime?
False
Is 10825768201 prime?
False
Is 24697679491 prime?
True
Is 14257005163 a prime number?
True
Is 7444160791 a prime number?
True
Is 653785798 a composite number?
True
Is 17885147777 composite?
True
Is 71141623727 prime?
True
Is 8453664847 a composite number?
True
Is 305255333469 a prime number?
False
Is 11339241997 a prime number?
True
Is 4639259 a prime number?
True
Is 19064100394 composite?
True
Is 7203674039 composite?
True
Is 243329124251 prime?
True
Is 9753810617 a prime number?
False
Is 4449960847 composite?
False
Is 7652698961 composite?
False
Is 1232191361 a prime number?
False
Is 18619847 prime?
False
Is 705269329 a prime number?
True
Is 991092607 prime?
False
Is 57665730817 composite?
True
Is 33912733643 a prime number?
True
Is 9328702027 a prime number?
True
Is 2441499559 a prime number?
False
Is 1002034717 prime?
True
Is 33254796859 composite?
True
Is 2177243879 composite?
False
Is 3178874833 composite?
True
Is 244213867 a prime number?
True
Is 437008997 prime?
True
Is 11431062749 a composite number?
False
Is 3592701869 composite?
True
Is 84266562137 a composite number?
True
Is 1016904059 prime?
False
Is 832097047 composite?
False
Is 2433023545 a prime number?
False
Is 581021009 a composite number?
True
Is 4888853407 prime?
False
Is 109997863277 composite?
False
Is 18324916429 composite?
True
Is 865086863 prime?
False
Is 27874431797 a composite number?
True
Is 719456459 prime?
False
Is 124251391501 a prime number?
True
Is 2608369727 prime?
False
Is 554702833 a composite number?
True
Is 50177123779 a composite number?
False
Is 74227939 composite?
True
Is 3010220159 composite?
True
Is 4117667677 a composite number?
False
Is 666019891 composite?
False
Is 38481982687 composite?
True
Is 1349933881 composite?
False
Is 7589679179 composite?
True
Is 517068373 a prime number?
False
Is 19839125854 composite?
True
Is 20880808981 composite?
False
Is 75506649221 a composite number?
False
Is 2451509969 composite?
False
Is 191442338287 a prime number?
False
Is 41096482507 composite?
True
Is 139224258419 prime?
True
Is 485949577 a composite numbe